{"id":10,"date":"2025-05-27T10:20:15","date_gmt":"2025-05-27T08:20:15","guid":{"rendered":"http:\/\/www.relsberg.de\/?page_id=10"},"modified":"2026-03-19T13:09:58","modified_gmt":"2026-03-19T12:09:58","slug":"relsberg-home","status":"publish","type":"page","link":"https:\/\/www.relsberg.de\/","title":{"rendered":"Relsberg | Home"},"content":{"rendered":"\n<div class=\"wp-block-media-text is-stacked-on-mobile is-vertically-aligned-top\"><figure class=\"wp-block-media-text__media\"><img loading=\"lazy\" decoding=\"async\" width=\"1024\" height=\"579\" src=\"https:\/\/www.relsberg.de\/wp-content\/uploads\/2024\/11\/10-Relsberg-Love-1-1024x579.jpg\" alt=\"\" class=\"wp-image-610 size-full\" srcset=\"https:\/\/www.relsberg.de\/wp-content\/uploads\/2024\/11\/10-Relsberg-Love-1-1024x579.jpg 1024w, https:\/\/www.relsberg.de\/wp-content\/uploads\/2024\/11\/10-Relsberg-Love-1-300x170.jpg 300w, https:\/\/www.relsberg.de\/wp-content\/uploads\/2024\/11\/10-Relsberg-Love-1-768x434.jpg 768w, https:\/\/www.relsberg.de\/wp-content\/uploads\/2024\/11\/10-Relsberg-Love-1.jpg 1344w\" sizes=\"auto, (max-width: 1024px) 100vw, 1024px\" \/><\/figure><div class=\"wp-block-media-text__content\">\n<p style=\"font-size:16px\"><strong>Herzlich Willkommen in Relsberg!<\/strong><\/p>\n\n\n\n<p style=\"font-size:16px\">Relsberg&nbsp;ist eine kleine Ortsgemeinde im Landkreis Kusel in Rheinland-Pfalz und liegt im Nordpf\u00e4lzer Bergland. Im Nordwesten befindet sich Ein\u00f6llen, im Nordosten Hefersweiler, im S\u00fcdwesten Niederkirchen und s\u00fcdlich liegt das zu Niederkirchen geh\u00f6rende Morbach. <a href=\"https:\/\/www.relsberg.de\/index.php\/gemeinde\/\" data-type=\"page\" data-id=\"11\"><em>Weiter&#8230;<\/em><\/a><\/p>\n<\/div><\/div>\n\n\n\n<hr class=\"wp-block-separator has-text-color has-cyan-bluish-gray-color has-alpha-channel-opacity has-cyan-bluish-gray-background-color has-background is-style-default\"\/>\n\n\n\n<div class=\"wp-block-media-text has-media-on-the-right is-stacked-on-mobile is-vertically-aligned-top\"><div class=\"wp-block-media-text__content\">\n<p style=\"font-size:16px\"><strong>Die Geschichte<\/strong><\/p>\n\n\n\n<p style=\"font-size:16px\">Aus der Stein- Bronze- und Eisenzeit liegen uns direkt aus dem Bereich der Gemarkung Relsberg keine Nachrichten \u00fcber Funde vor. Dennoch war in der Vorzeit das Gebiet rings um den Ort von Menschen bewohnt. In der Gemarkung der Nachbargemeinde Ein\u00f6llen wurden, im Grenzbereich zur Gemarkung von Relsberg hin, im fr\u00fchen 20. Jahrhundert 15 Steinbeile gefunden. <em><a href=\"https:\/\/www.relsberg.de\/index.php\/gemeinde\/geschichte\/\" data-type=\"page\" data-id=\"448\">Weiter&#8230;<\/a><\/em><\/p>\n<\/div><figure class=\"wp-block-media-text__media\"><img loading=\"lazy\" decoding=\"async\" width=\"1024\" height=\"746\" src=\"https:\/\/www.relsberg.de\/wp-content\/uploads\/2024\/08\/Schmittfritze-1024x746.jpeg\" alt=\"\" class=\"wp-image-116 size-full\" srcset=\"https:\/\/www.relsberg.de\/wp-content\/uploads\/2024\/08\/Schmittfritze-1024x746.jpeg 1024w, https:\/\/www.relsberg.de\/wp-content\/uploads\/2024\/08\/Schmittfritze-300x218.jpeg 300w, https:\/\/www.relsberg.de\/wp-content\/uploads\/2024\/08\/Schmittfritze-768x559.jpeg 768w, https:\/\/www.relsberg.de\/wp-content\/uploads\/2024\/08\/Schmittfritze.jpeg 1038w\" sizes=\"auto, (max-width: 1024px) 100vw, 1024px\" \/><\/figure><\/div>\n\n\n\n<hr class=\"wp-block-separator has-text-color has-cyan-bluish-gray-color has-alpha-channel-opacity has-cyan-bluish-gray-background-color has-background\"\/>\n\n\n\n<div style=\"height:20px\" aria-hidden=\"true\" class=\"wp-block-spacer\"><\/div>\n\n\n\n<div class=\"wp-block-media-text is-stacked-on-mobile is-vertically-aligned-top\"><figure class=\"wp-block-media-text__media\"><img loading=\"lazy\" decoding=\"async\" width=\"1024\" height=\"768\" src=\"https:\/\/www.relsberg.de\/wp-content\/uploads\/2024\/08\/Vorstand_HuK-1-1024x768.jpg\" alt=\"\" class=\"wp-image-137 size-full\"\/><\/figure><div class=\"wp-block-media-text__content\">\n<p style=\"font-size:16px\"><strong>Die Vereine<\/strong><\/p>\n\n\n\n<p style=\"font-size:16px\">Die Vereinsstruktur in Relsberg ist, trotz der geringen Einwohnerzahl, breit gef\u00e4chert: Der Heimat- und Kulturverein, der Gesangsverein, der Sch\u00fctzenverein und nicht zu letzt die freiwillige Feuerwehr pr\u00e4gen durch ein vielf\u00e4ltiges Angebot an Veranstaltungen das aktive Dorfleben. <em><a href=\"https:\/\/www.relsberg.de\/index.php\/vereine\/\" data-type=\"page\" data-id=\"12\">Weiter&#8230;<\/a><\/em><\/p>\n<\/div><\/div>\n","protected":false},"excerpt":{"rendered":"<p>Herzlich Willkommen in Relsberg! Relsberg&nbsp;ist eine kleine Ortsgemeinde im Landkreis Kusel in Rheinland-Pfalz und liegt im Nordpf\u00e4lzer Bergland. Im Nordwesten befindet sich Ein\u00f6llen, im Nordosten Hefersweiler, im S\u00fcdwesten Niederkirchen und s\u00fcdlich liegt das zu&#46;&#46;&#46;<\/p>\n","protected":false},"author":1,"featured_media":0,"parent":0,"menu_order":0,"comment_status":"closed","ping_status":"closed","template":"","meta":{"ngg_post_thumbnail":0,"_EventAllDay":false,"_EventTimezone":"","_EventStartDate":"","_EventEndDate":"","_EventStartDateUTC":"","_EventEndDateUTC":"","_EventShowMap":false,"_EventShowMapLink":false,"_EventURL":"","_EventCost":"","_EventCostDescription":"","_EventCurrencySymbol":"","_EventCurrencyCode":"","_EventCurrencyPosition":"","_EventDateTimeSeparator":"","_EventTimeRangeSeparator":"","_EventOrganizerID":[],"_EventVenueID":[],"_OrganizerEmail":"","_OrganizerPhone":"","_OrganizerWebsite":"","_VenueAddress":"","_VenueCity":"","_VenueCountry":"","_VenueProvince":"","_VenueState":"","_VenueZip":"","_VenuePhone":"","_VenueURL":"","_VenueStateProvince":"","_VenueLat":"","_VenueLng":"","_VenueShowMap":false,"_VenueShowMapLink":false,"iawp_total_views":2487,"footnotes":""},"class_list":["post-10","page","type-page","status-publish","hentry"],"aioseo_notices":[],"_links":{"self":[{"href":"https:\/\/www.relsberg.de\/index.php\/wp-json\/wp\/v2\/pages\/10","targetHints":{"allow":["GET"]}}],"collection":[{"href":"https:\/\/www.relsberg.de\/index.php\/wp-json\/wp\/v2\/pages"}],"about":[{"href":"https:\/\/www.relsberg.de\/index.php\/wp-json\/wp\/v2\/types\/page"}],"author":[{"embeddable":true,"href":"https:\/\/www.relsberg.de\/index.php\/wp-json\/wp\/v2\/users\/1"}],"replies":[{"embeddable":true,"href":"https:\/\/www.relsberg.de\/index.php\/wp-json\/wp\/v2\/comments?post=10"}],"version-history":[{"count":69,"href":"https:\/\/www.relsberg.de\/index.php\/wp-json\/wp\/v2\/pages\/10\/revisions"}],"predecessor-version":[{"id":3004,"href":"https:\/\/www.relsberg.de\/index.php\/wp-json\/wp\/v2\/pages\/10\/revisions\/3004"}],"wp:attachment":[{"href":"https:\/\/www.relsberg.de\/index.php\/wp-json\/wp\/v2\/media?parent=10"}],"curies":[{"name":"wp","href":"https:\/\/api.w.org\/{rel}","templated":true}]}}